culate the greatest common divisor of g and 36.
36
Let o be ((0 - 1236)/(-6))/2. What is the highest common factor of 103 and o?
103
Let r(y) = -42*y - 431. Let a be r(-12). Calculate the greatest common factor of 2701 and a.
73
Let d be (-6 - -7)/(1/27). Let t = -39 + 95. Suppose 0*k + 4*u + 86 = 5*k, -3*k + t = 2*u. Calculate the highest common divisor of k and d.
9
Suppose -4*j = -5*s - 251, 5*s = 2*j + 49 - 182. Let x = 31 - j. Let c be (18/(-8))/(1/x). Calculate the highest common factor of 9 and c.
9
Suppose 6*u - 4*s + 353 = 9*u, -u - s + 117 = 0. Calculate the greatest common factor of u and 345.
115
Suppose -7*o + 1826 = -29. Suppose 4*z - o = -5*s, -z + 289 = 3*z - 3*s. Calculate the greatest common factor of z and 10.
10
Let c = 24 + -21. Suppose -5*d - 125 = -5*f, c*f - 26 = -2*d + 44. Suppose -4*o = -o + 3*j - 21, 11 = 2*o + 5*j. What is the highest common factor of o and f?
8
Let t(h) = h**2 + 2*h. Let f be t(-3). Suppose -4*k = 3*a - 65, 2*a - 5*k = -4 + 9. What is the greatest common factor of a and f?
3
Let q = 236 + -6. What is the highest common factor of 184 and q?
46
Let i be -3 + 0 - -1 - -34. Let o be 3164/196 - (-1)/(-7). Calculate the greatest common factor of i and o.
16
Let v be (-5)/15*(-3 - 0). Let s be 4/(-14) + 9/7. Let t be s/1*2/v. What is the greatest common divisor of t and 4?
2
Let s be (-6 - 3) + 6 - -95. What is the greatest common factor of 253 and s?
23
Suppose -1364 = -d + 2*l, -3*d + 4082 = 3*l - 4*l. Suppose 40*t + d = 50*t. What is the highest common factor of t and 17?
17
Suppose 5*o - 6*o - 4*q + 402 = 0, 1182 = 3*o + 4*q. Calculate the highest common divisor of 130 and o.
130
Let w = 113 + -113. Suppose 9*x - 19*x + 10 = w. What is the greatest common divisor of 17 and x?
1
Let k(w) = -w**3 + 3*w**2 + 2*w - 4. Let d be k(3). Suppose -z + d*z = -4*n + 20, -5*z + 34 = -2*n. What is the highest common factor of 8 and z?
8
Let r = 8 + -5. Suppose r*z + o = 7, -7*o - 25 = -2*o. Suppose -5*a + 33 = 2*p - 0*a, -z*p + 60 = 4*a. What is the greatest common factor of p and 21?
7
Let f = 25 - 22. Suppose -3*i - 35 = -2*z, -z - f*i = -4*i - 19. Let t = 368 + -214. What is the highest common divisor of t and z?
22
Let l = -409 + 497. What is the greatest common divisor of l and 22?
22
Let p = -5454 + 5540. Let a(r) = -216*r - 1. Let l be a(-1). Calculate the highest common divisor of p and l.
43
Let t = -27 + 35. Suppose 4*p - t*p = -16. Let i be 4 + 9 + (6 - p). Calculate the highest common factor of 5 and i.
5
Suppose 715 = n + 681. What is the highest common factor of n and 221?
17
Suppose 3*b + 4*r = 56, -b + 3*r - 2 = 1. Calculate the greatest common divisor of 162 and b.
6
Suppose -f + 23 = 2*v, -101*v + f - 32 = -104*v. What is the greatest common factor of v and 303?
3
Let z be 410/30 + (-8)/(-6). Suppose -75 = -k + 2*d - 3*d, 4*d - 375 = -5*k. What is the highest common factor of z and k?
15
Let u(c) = 19*c - 82. Let k be u(18). What is the highest common divisor of k and 40?
20
Let c(d) = -d**3 - 15*d**2 + d + 33. Let m be c(-15). What is the greatest common factor of m and 54?
18
Suppose -m - 2*m + 387 = 0. Let r = m - 89. What is the greatest common factor of 5 and r?
5
Suppose -s + 2*s = 100. Let t(u) = -3 + 12*u + 6 + 1. Let f be t(3). Calculate the greatest common factor of f and s.
20
Let x = -1313 - -1331. Calculate the greatest common factor of 927 and x.
9
Let r = -8 - -15. Suppose -81 = -45*j + 234. Calculate the greatest common divisor of j and r.
7
Let s(y) = 42*y**3 - 4*y**2 + 3*y - 2. Let q be s(2). Suppose 34*t - 32*t - q = 0. Calculate the highest common divisor of 36 and t.
18
Suppose 0 = -318*t + 315*t + 567. Calculate the highest common divisor of 18 and t.
9
Let u = -566 + 613. What is the greatest common factor of 517 and u?
47
Suppose 16*s = 17*s - 25. Let y be (5/(s/2))/(2/280). What is the greatest common divisor of y and 8?
8
Let y(c) = -11*c - 52. Let j be y(-6). Suppose -3 - 32 = -5*z. Let o(p) = p**3 - 4*p**2 - 3*p. Let q be o(z). What is the highest common divisor of q and j?
14
Let n(z) = 81*z**2 - 2*z + 1. Let q be n(1). Let b = 89 - 79. What is the highest common factor of b and q?
10
Suppose -13 = 3*m - 5*c, -4*m - 2*c = -5*c - 1. Let o be 4/12*(0 - -24). Calculate the highest common factor of o and m.
4
Suppose -2*f - 34 = c - 7*f, 3*c = -2*f - 85. Let x = c + 569. Let h = -315 + x. Calculate the highest common factor of 25 and h.
25
Let t(q) = -41*q**3 + q**2 - q. Let p be t(1). Let c = p - -58. Let i(l) = -26*l - 1. Let x be i(-2). What is the greatest common divisor of c and x?
17
Let z(a) = a**2 + 4*a - 4. Let q be z(3). What is the highest common factor of q and 425?
17
Suppose -4*i = -2*i + 76. Let f = -11 - i. Calculate the highest common factor of f and 18.
9
Suppose -5*t + 94 = -2*n, -2*t + 31 = -5*n - 15. Let x be -2 + t + (-4)/2. Calculate the greatest common factor of x and 2.
2
Suppose 0 = -3*c - i + 326, 7*i - 442 = -4*c + 2*i. Calculate the highest common divisor of c and 378.
54
Suppose 4*r - 2*s = 20, -3*s = -5*r - s + 25. What is the highest common factor of 215 and r?
5
Let d(h) = 69*h**2 - 1. Let y be d(-1). Suppose -19 = -m + k, -4*m = -3*k - 8 - y. Suppose -27*x + 285 = -12*x. Calculate the greatest common factor of m and x.
19
Suppose 11*i - 6*i - 770 = 0. Let l(r) = r**2 + 7*r - 4. Let y be l(2). What is the highest common divisor of y and i?
14
Suppose 3*n = 2*t + 186, 0 = 7*n - 2*n + 2*t - 326. Suppose n = 5*y + 9. Let z = y - -7. Calculate the greatest common factor of 27 and z.
9
Let t = 9 + -42. Let q be (-4)/(-22) + 501/t. Let g = -10 - q. Calculate the greatest common factor of g and 45.
5
Suppose 4*b - 42 = -2. Let w(u) = 2*u**2 - 7*u + 9. Let k be w(4). Suppose 17*m - k*m - 40 = 0. What is the greatest common factor of b and m?
10
Suppose i + k - 2*k = 136, 0 = -i + 2*k + 137. Suppose -5*g + 92 - 17 = 0. Calculate the highest common factor of g and i.
15
Let w be 7 + 4/(-2 + 4). Suppose -32 = -4*s + 76. What is the greatest common divisor of s and w?
9
Let s = -140 - -290. Calculate the highest common factor of 180 and s.
30
Suppose -4*c = -2246 - 270. What is the greatest common factor of 37 and c?
37
Suppose 2*p - 3*w - 63 = 21, -2*w = -5*p + 188. Suppose 0 = -3*k - 2*k + 240. What is the greatest common factor of p and k?
12
Let a be -2 + 1 - 7*-63. Suppose -3*l - 2*l = -a. Suppose -44 = -5*n - 4. Calculate the highest common divisor of l and n.
8
Let p(g) be the second derivative of g**5/20 + g**4 + 4*g**3/3 - g**2/2 - 31*g. Let d be p(-10). What is the highest common divisor of 17 and d?
17
Suppose -d + 10 = 4*d. Let z = -13 - -19. Suppose 0 = 3*a + z, -m - m + 24 = 4*a. Calculate the greatest common divisor of d and m.
2
Let a = -1547 - -2222. Calculate the highest common divisor of a and 27.
27
Suppose 0 = 5*m + 3*s - 9301, -11*s + 8*s + 3715 = 2*m. Calculate the greatest common divisor of 76 and m.
38
Suppose 5*p + 6 = -79. Let c be (p/(-34))/(2/120 - 0). Calculate the greatest common factor of 90 and c.
30
Suppose 17 = -s + 26. What is the highest common divisor of 171 and s?
9
Suppose -d = 3*o - 3, -3*o + 18 = -5*d + d. Suppose 3*h - 27 = o*h. Let n be (130/15)/(2/h). What is the highest common factor of 13 and n?
13
Let k(q) = q**2 + 18*q + 45. Let s be k(-21). What is the greatest common factor of s and 27?
27
Let v be 2/(-4) + (-440)/(-16). Let t = 10 - v. Let f(x) = x**2 - 9. Let w be f(t). Calculate the highest common divisor of 35 and w.
35
Suppose -2*w + 37 = -39. Calculate the highest common factor of 32 and w.
2
Suppose -37 + 28 = 3*z. Let u be 2 + (6 - -1) + z. What is the highest common factor of u and 66?
6
Suppose -21*s = -14*s + 49. Let l be 2/s + (-21030)/(-105). What is the highest common divisor of 10 and l?
10
Suppose -3*h - 2*n = -388, 0*n + n = -1. Calculate the greatest common divisor of 10 and h.
10
Let j(t) = -3*t + 15. Let u be j(6). Let x = u - -48. What is the highest common factor of 18 and x?
9
Suppose -n + 19 = 3*n - 5*s, 5*n - 17 = 4*s. Let y(k) = k**2 + k + 7. Let v be 2/(-9) - 12/(-54). Let r be y(v). What is the greatest common factor of n and r?
1
Let t(u) = 80*u**2 - 9*u - 11. Let z be t(-1). Calculate the greatest common factor of z and 182.
26
Let w be 2/5*780/24. Calculate the highe